{"id":9,"date":"2019-09-16T12:25:38","date_gmt":"2019-09-16T10:25:38","guid":{"rendered":"http:\/\/ggs-am-quadenweg.de\/c97_Xa3_\/?page_id=9"},"modified":"2026-04-23T10:30:17","modified_gmt":"2026-04-23T08:30:17","slug":"schulteam","status":"publish","type":"page","link":"https:\/\/ggs-am-quadenweg.de\/c97_Xa3_\/schulleben\/schulteam\/","title":{"rendered":"Team"},"content":{"rendered":"<div class=\"wp-block-image is-style-default\">\n<figure class=\"aligncenter size-full is-resized\"><img loading=\"lazy\" decoding=\"async\" width=\"480\" height=\"333\" src=\"https:\/\/ggs-am-quadenweg.de\/c97_Xa3_\/wp-content\/uploads\/2022\/09\/Kollegen-2022-1.jpg\" alt=\"\" class=\"wp-image-1092\" style=\"width:618px;height:429px\" srcset=\"https:\/\/ggs-am-quadenweg.de\/c97_Xa3_\/wp-content\/uploads\/2022\/09\/Kollegen-2022-1.jpg 480w, https:\/\/ggs-am-quadenweg.de\/c97_Xa3_\/wp-content\/uploads\/2022\/09\/Kollegen-2022-1-300x208.jpg 300w\" sizes=\"auto, (max-width: 480px) 100vw, 480px\" \/><figcaption class=\"wp-element-caption\">Lehrerkollegium<\/figcaption><\/figure>\n<\/div>\n\n\n<p>Unser Schulteam besteht neben unserer Schulleitung Frau Hagemann und unserem stellv. Schulleiter Herrn Lesch aktuell aus zehn Lehrerinnen, einem Lehrer, zwei Sonderp\u00e4dagoginnen, drei HSU- Fachkr\u00e4ften, einer Schulsozialarbeiterin, einer sozialp\u00e4dagogischen Fachkraft f\u00fcr die Schuleingangsphase, einer Lehramtsanw\u00e4rter*innen, 2 FsJlern, zwei Praktikanten. einer Sekret\u00e4rin, einem Hausmeister, 12 OGS Mitarbeiter*innen.<\/p>\n\n\n\n<p>Im Schuljahr 2024\/25 werden an der GGS Am Quadenweg 259 Sch\u00fclerinnen und Sch\u00fcler in zehn Klassen unterrichtet.<\/p>\n\n\n\n<p>Das Lehrerkollegium bilden Frau Abel, Frau Cebula, Frau Gabriel, Frau Giesen (LAA), Frau Grupe (Sonderp\u00e4dagogin), Frau G\u00f6tz, Frau Gr\u00fcnewald, Frau Gr\u00fctter, Herr Isleyen (HSU T\u00fcrkisch), Frau K\u00f6llner, Herr Lewis, Herr Maden (HSU Kurdisch), Frau Martin, Frau Michel (HSU Russisch), Frau M\u00fcller, Frau Paul (Sonderp\u00e4dagogin), Frau Pentseretzidou (HSU Griechisch), Frau Richter, Frau R\u00fctsch, Frau Schlimbach, Frau Schr\u00f6er.<\/p>\n\n\n\n<p>Schulleitung: Frau Hagemann (Rektorin), Herr Lesch (Konrektor)<\/p>\n\n\n\n<p>OGS Leitung: Frau Artz<\/p>\n\n\n\n<p><\/p>\n\n\n\n<p>Schulsozialarbeiterin: Frau K\u00f6hnen<\/p>\n\n\n\n<p>Sozialp\u00e4dagogische Fachkraft f\u00fcr die Schuleingangsphase: Herr Abel<\/p>\n\n\n\n<p>Sozialp\u00e4dagogische Fachkraft f\u00fcr die Klassen 3 und 4: Frau Storm<\/p>\n\n\n\n<p>Sekretariat: Frau Drees<\/p>\n\n\n\n<p>Hausmeister: Herr Hader<\/p>\n","protected":false},"excerpt":{"rendered":"<p>Unser Schulteam besteht neben unserer Schulleitung Frau Hagemann und unserem stellv. Schulleiter Herrn Lesch aktuell aus zehn Lehrerinnen, einem Lehrer, zwei Sonderp\u00e4dagoginnen, drei HSU- Fachkr\u00e4ften, einer Schulsozialarbeiterin, einer sozialp\u00e4dagogischen Fachkraft &#8230;<\/p>\n","protected":false},"author":1,"featured_media":0,"parent":43,"menu_order":0,"comment_status":"closed","ping_status":"closed","template":"","meta":{"footnotes":""},"class_list":["post-9","page","type-page","status-publish","hentry"],"_links":{"self":[{"href":"https:\/\/ggs-am-quadenweg.de\/c97_Xa3_\/wp-json\/wp\/v2\/pages\/9","targetHints":{"allow":["GET"]}}],"collection":[{"href":"https:\/\/ggs-am-quadenweg.de\/c97_Xa3_\/wp-json\/wp\/v2\/pages"}],"about":[{"href":"https:\/\/ggs-am-quadenweg.de\/c97_Xa3_\/wp-json\/wp\/v2\/types\/page"}],"author":[{"embeddable":true,"href":"https:\/\/ggs-am-quadenweg.de\/c97_Xa3_\/wp-json\/wp\/v2\/users\/1"}],"replies":[{"embeddable":true,"href":"https:\/\/ggs-am-quadenweg.de\/c97_Xa3_\/wp-json\/wp\/v2\/comments?post=9"}],"version-history":[{"count":42,"href":"https:\/\/ggs-am-quadenweg.de\/c97_Xa3_\/wp-json\/wp\/v2\/pages\/9\/revisions"}],"predecessor-version":[{"id":1346,"href":"https:\/\/ggs-am-quadenweg.de\/c97_Xa3_\/wp-json\/wp\/v2\/pages\/9\/revisions\/1346"}],"up":[{"embeddable":true,"href":"https:\/\/ggs-am-quadenweg.de\/c97_Xa3_\/wp-json\/wp\/v2\/pages\/43"}],"wp:attachment":[{"href":"https:\/\/ggs-am-quadenweg.de\/c97_Xa3_\/wp-json\/wp\/v2\/media?parent=9"}],"curies":[{"name":"wp","href":"https:\/\/api.w.org\/{rel}","templated":true}]}}