{"id":65,"date":"2019-09-23T14:43:36","date_gmt":"2019-09-23T12:43:36","guid":{"rendered":"http:\/\/ggs-am-quadenweg.de\/c97_Xa3_\/?page_id=65"},"modified":"2024-04-23T09:30:49","modified_gmt":"2024-04-23T07:30:49","slug":"unser-leitbild","status":"publish","type":"page","link":"https:\/\/ggs-am-quadenweg.de\/c97_Xa3_\/schulkonzept\/unser-leitbild\/","title":{"rendered":"Unser Leitbild"},"content":{"rendered":"\n<p><strong><u>Gemeinsam ver\u00e4ndern<\/u><\/strong><strong><u> \u2013 Schule bewegt sich<\/u><\/strong><\/p>\n\n\n\n<p>Die Lebenswelt, Umst\u00e4nde und Lernvoraussetzungen befinden sich in stetigem Wandel. Wir nehmen diese besondere Herausforderung an, haben Innovationen im Blick, pflegen Bew\u00e4hrtes und sind offen f\u00fcr Schulentwicklungsprozesse.<\/p>\n\n\n\n<p><strong><u>Ich f\u00fchle mich zust\u00e4ndig<\/u><\/strong><\/p>\n\n\n\n<p>Gemeinsam \u00fcbernehmen wir (Kinder, Eltern und Schulteam) Verantwortung f\u00fcr unser Miteinander: Wir haben einen offenen Blick f\u00fcr einander und sind f\u00fcr den Lernfortschritt und das Wohl der Gemeinschaft verantwortlich. Mit den Herausforderungen des Schulalltags gehen wir flexibel um und schaffen L\u00f6sungen, die f\u00fcr jeden transparent sind. Einheitliche Regeln und Rituale unterst\u00fctzen uns dabei. Jede und jeder ist ein Vorbild, wir lernen mit- und voneinander.<\/p>\n\n\n\n<p><strong><u>Gemeinsam herzlich<\/u><\/strong><\/p>\n\n\n\n<p>Gemeinsam herzlich bedeutet f\u00fcr uns, allen Menschen an unserer Schule mit Toleranz und Respekt zu begegnen. Wir nehmen uns Zeit f\u00fcr eine herzliche Begr\u00fc\u00dfung, einen freundlichen Blick, ein wertsch\u00e4tzendes Wort und eine aufmunternde Geste. Uns ist es wichtig, in einem vertrauensvollen Umgang f\u00fcreinander da zu sein. Unser Herz ist gro\u00df genug, um uns miteinander zu freuen, aber auch schwierige Momente gemeinsam zu meistern.<\/p>\n\n\n\n<p><strong><u>Wir f\u00f6rdern St\u00e4rken &amp; nehmen Schw\u00e4chen an<\/u><\/strong><\/p>\n\n\n\n<p>Jede und jeder ist einzigartig und wertvoll. Durch unterschiedliche Professionen und Blickwinkel schaffen wir es, die Potentiale eines Jeden zu erfassen, wertzusch\u00e4tzen und auszubauen. Alle werden darin unterst\u00fctzt, \u00fcber sich hinauszuwachsen.<\/p>\n\n\n\n<p><strong><u>Miteinander reden \u2013 wir entscheiden gemeinsam<\/u><\/strong><\/p>\n\n\n\n<p>Wir lernen und arbeiten in einem gro\u00dfen Team. Der offene Austausch innerhalb der Schulgemeinschaft ist uns ein grundlegendes Anliegen. Auf vielf\u00e4ltige Art und Weise erhalten wir die M\u00f6glichkeit, miteinander ins Gespr\u00e4ch zu kommen. Dabei akzeptieren wir unterschiedliche Perspektiven und treffen Entscheidungen demokratisch. Von der ersten Klasse an lernen die Kinder was es bedeutet, die eigene Meinung zu vertreten, Entscheidungen zu treffen und Demokratie zu leben.<\/p>\n","protected":false},"excerpt":{"rendered":"<p>Gemeinsam ver\u00e4ndern \u2013 Schule bewegt sich Die Lebenswelt, Umst\u00e4nde und Lernvoraussetzungen befinden sich in stetigem Wandel. Wir nehmen diese besondere Herausforderung an, haben Innovationen im Blick, pflegen Bew\u00e4hrtes und sind &#8230;<\/p>\n","protected":false},"author":1,"featured_media":0,"parent":45,"menu_order":0,"comment_status":"closed","ping_status":"closed","template":"","meta":{"footnotes":""},"class_list":["post-65","page","type-page","status-publish","hentry"],"_links":{"self":[{"href":"https:\/\/ggs-am-quadenweg.de\/c97_Xa3_\/wp-json\/wp\/v2\/pages\/65","targetHints":{"allow":["GET"]}}],"collection":[{"href":"https:\/\/ggs-am-quadenweg.de\/c97_Xa3_\/wp-json\/wp\/v2\/pages"}],"about":[{"href":"https:\/\/ggs-am-quadenweg.de\/c97_Xa3_\/wp-json\/wp\/v2\/types\/page"}],"author":[{"embeddable":true,"href":"https:\/\/ggs-am-quadenweg.de\/c97_Xa3_\/wp-json\/wp\/v2\/users\/1"}],"replies":[{"embeddable":true,"href":"https:\/\/ggs-am-quadenweg.de\/c97_Xa3_\/wp-json\/wp\/v2\/comments?post=65"}],"version-history":[{"count":6,"href":"https:\/\/ggs-am-quadenweg.de\/c97_Xa3_\/wp-json\/wp\/v2\/pages\/65\/revisions"}],"predecessor-version":[{"id":1206,"href":"https:\/\/ggs-am-quadenweg.de\/c97_Xa3_\/wp-json\/wp\/v2\/pages\/65\/revisions\/1206"}],"up":[{"embeddable":true,"href":"https:\/\/ggs-am-quadenweg.de\/c97_Xa3_\/wp-json\/wp\/v2\/pages\/45"}],"wp:attachment":[{"href":"https:\/\/ggs-am-quadenweg.de\/c97_Xa3_\/wp-json\/wp\/v2\/media?parent=65"}],"curies":[{"name":"wp","href":"https:\/\/api.w.org\/{rel}","templated":true}]}}