{"id":58,"date":"2019-09-23T14:30:16","date_gmt":"2019-09-23T12:30:16","guid":{"rendered":"http:\/\/ggs-am-quadenweg.de\/c97_Xa3_\/?page_id=58"},"modified":"2026-04-23T10:20:52","modified_gmt":"2026-04-23T08:20:52","slug":"ganztag","status":"publish","type":"page","link":"https:\/\/ggs-am-quadenweg.de\/c97_Xa3_\/schulleben\/ganztag\/","title":{"rendered":"Ganztag"},"content":{"rendered":"\n<p><strong>Offene\nGanztagsschule im Primarbereich (OGS) an der GGS Am Quadenweg<\/strong><\/p>\n\n\n\n<p><strong>Wer ist Tr\u00e4ger der Ma\u00dfnahme OGS?<\/strong><\/p>\n\n\n\n<p>IB (Internationale Bund) gGmbH f\u00fcr Bildung und soziale Dienste NRW Nord<\/p>\n\n\n\n<p>Schillwiese 13<\/p>\n\n\n\n<p>46485 Wesel<\/p>\n\n\n\n<p>Tel. 0281\/9840918<\/p>\n\n\n\n<p><strong>Koordinatorin: Nedyalka Korcheva<\/strong><\/p>\n\n\n\n<p>Nedyalka.Korcheva@ib.de <\/p>\n\n\n\n<p><strong>Leitung Offene Ganztagsschule am Quadenweg:<\/strong><\/p>\n\n\n\n<p><strong> Kristina Artz<\/strong><\/p>\n\n\n\n<p>B\u00fcro &#8211; und Sprechzeit  t\u00e4glich von 9:00-11:00 Uhr<\/p>\n\n\n\n<p>Tel. 0281\/16376646<\/p>\n\n\n\n<p>OGS-Quadenweg-Wesel@ib.de<\/p>\n\n\n\n<p><strong>Wer betreut Ihre Kinder?<\/strong><\/p>\n\n\n\n<ul class=\"wp-block-list\">\n<li>Erzieherinnen<\/li>\n\n\n\n<li>p\u00e4dagogische Mitarbeiter<\/li>\n\n\n\n<li>Auszubildende zur Erzieherin<\/li>\n\n\n\n<li>junge Menschen die ihr&#8220; Freiwilliges Soziales Jahr&#8220; oder den &#8222;Bundesfreiwilligen Dienst&#8220; ableisten<\/li>\n\n\n\n<li>Sozialp\u00e4dagogen<\/li>\n\n\n\n<li>Berufspraktikanten<\/li>\n<\/ul>\n\n\n\n<p><strong>Wann werden Ihre Kinder in der OGS betreut?<\/strong><\/p>\n\n\n\n<ul class=\"wp-block-list\">\n<li>an Schultagen von Unterrichtsschluss bis 16:00Uhr (mindestens aber bis 15:00Uhr)<\/li>\n\n\n\n<li>an unterrichtsfreien Tagen von 7:45 bis 16:00Uhr<\/li>\n\n\n\n<li>in der zweiten Ferienwoche der Herbst- und Osterferien und in den ersten drei Wochen der Sommerferien von 7:45 Uhr bis 16:00Uhr<\/li>\n\n\n\n<li>an offiziellen Feiertagen, Rosenmontag und am p\u00e4d. Mitarbeitertag bleibt die Einrichtung geschlossen <\/li>\n\n\n\n<li>Weihnachten, ab dem ersten Werktag im neuen Jahr ge\u00f6ffnet<\/li>\n\n\n\n<li>Die \u00d6ffnungs- und Schlie\u00dftage k\u00f6nnen Sie auch dem aktuellen Jahresplan entnehmen<\/li>\n<\/ul>\n\n\n\n<p><strong>Was ist wichtig f\u00fcr die Eltern und Kinder der OGS?<\/strong><\/p>\n\n\n\n<ul class=\"wp-block-list\">\n<li>Abholzeit: bis sp\u00e4testens 16:00Uhr, mindestens jedoch bis 15:00Uhr<\/li>\n\n\n\n<li>Mittagessen: von 11:45 bis 14:15 Uhr in der Mensa mit p\u00e4d. Begleitung<\/li>\n\n\n\n<li>Lernzeitbetreuung: im Stundenplan integriert , Unterst\u00fctzung durch Erzieher<\/li>\n\n\n\n<li>Unterschiedliche, wechselnde Angebote am Nachmittag: Sport, Entspannung, Musik&amp;Tanz, Fu\u00dfball, Kunst&amp; Werken, Bauen&amp;Konstruieren Die Teilnahme an den Angeboten ist freiwillig, teilweise jedoch \u00fcber einen l\u00e4ngeren Zeitraum verpflichtend <\/li>\n\n\n\n<li>Zusammenarbeit mit den Eltern- Bitte vereinbaren Sie bei Gespr\u00e4chsbedarf kurzfristig einen Termin, Abmeldung und Krankmeldung &#8211; \u00fcber Sdui, \u00c4nderungen, wichtige Informationen von 9:00 bis 11:00 Uhr telefonisch oder per Sdui <\/li>\n<\/ul>\n\n\n\n<p><strong>Verpflegung in der OGS<\/strong><\/p>\n\n\n\n<p>Mittagessen: t\u00e4glich frisch von unserem Caterer &#8222;Caterering f\u00fcr Kids&#8220; aus Rheinberg  geliefert.<\/p>\n\n\n\n<ul class=\"wp-block-list\">\n<li>Getr\u00e4nke: stehen den Kindern ganzt\u00e4gig kostenlos zur Verf\u00fcgung <\/li>\n<\/ul>\n\n\n\n<p><\/p>\n\n\n\n<p><\/p>\n","protected":false},"excerpt":{"rendered":"<p>Offene Ganztagsschule im Primarbereich (OGS) an der GGS Am Quadenweg Wer ist Tr\u00e4ger der Ma\u00dfnahme OGS? IB (Internationale Bund) gGmbH f\u00fcr Bildung und soziale Dienste NRW Nord Schillwiese 13 46485 &#8230;<\/p>\n","protected":false},"author":1,"featured_media":0,"parent":43,"menu_order":0,"comment_status":"closed","ping_status":"closed","template":"","meta":{"footnotes":""},"class_list":["post-58","page","type-page","status-publish","hentry"],"_links":{"self":[{"href":"https:\/\/ggs-am-quadenweg.de\/c97_Xa3_\/wp-json\/wp\/v2\/pages\/58","targetHints":{"allow":["GET"]}}],"collection":[{"href":"https:\/\/ggs-am-quadenweg.de\/c97_Xa3_\/wp-json\/wp\/v2\/pages"}],"about":[{"href":"https:\/\/ggs-am-quadenweg.de\/c97_Xa3_\/wp-json\/wp\/v2\/types\/page"}],"author":[{"embeddable":true,"href":"https:\/\/ggs-am-quadenweg.de\/c97_Xa3_\/wp-json\/wp\/v2\/users\/1"}],"replies":[{"embeddable":true,"href":"https:\/\/ggs-am-quadenweg.de\/c97_Xa3_\/wp-json\/wp\/v2\/comments?post=58"}],"version-history":[{"count":8,"href":"https:\/\/ggs-am-quadenweg.de\/c97_Xa3_\/wp-json\/wp\/v2\/pages\/58\/revisions"}],"predecessor-version":[{"id":1344,"href":"https:\/\/ggs-am-quadenweg.de\/c97_Xa3_\/wp-json\/wp\/v2\/pages\/58\/revisions\/1344"}],"up":[{"embeddable":true,"href":"https:\/\/ggs-am-quadenweg.de\/c97_Xa3_\/wp-json\/wp\/v2\/pages\/43"}],"wp:attachment":[{"href":"https:\/\/ggs-am-quadenweg.de\/c97_Xa3_\/wp-json\/wp\/v2\/media?parent=58"}],"curies":[{"name":"wp","href":"https:\/\/api.w.org\/{rel}","templated":true}]}}